vided by 17?
15
Suppose -4*p = -o - 67, 5*p = -o + 32 + 63. Let i be 2/4 + 66/12. Suppose -i*g - 20 = -8*g. What is the remainder when p is divided by g?
8
Let i = -3861 + 3979. What is the remainder when 331 is divided by i?
95
Suppose 0 = -10*p + 2207 - 1967. Let s(c) = -c**3 + 26*c**2 - 21*c + 23. What is the remainder when s(24) is divided by p?
23
Suppose 0 = 19*h - 2*h - 40*h + 345. What is the remainder when 972 is divided by h?
12
Let t = -13841 + 13916. Calculate the remainder when 651 is divided by t.
51
Let v = -16 + 28. Calculate the remainder when v is divided by (4/(-3 - -5))/(36/90).
2
Let k(v) = -38*v**2 + 379*v + 26. Calculate the remainder when 2*(-26)/8*-14 is divided by k(10).
11
Let i(k) = 4*k + 8. Let w(f) = f - 1. Let a(o) = -i(o) + 3*w(o). Let g be a(-13). Suppose g*r = -82 + 476. What is the remainder when r is divided by 25?
22
Let i = 6475 - 3843. Calculate the remainder when i is divided by 155.
152
Suppose 3374 = 214*s + 378. Suppose -108 = 2*j - 6*j. What is the remainder when j is divided by s?
13
Suppose -331*m - 34 = -324*m - 10191. Calculate the remainder when m is divided by 209.
197
Suppose -425 = -2*n + 5*n - q, 165 = -n + 5*q. Let f = -86 - n. Suppose 12*d - 222 = -126. Calculate the remainder when f is divided by d.
6
What is the remainder when 202 is divided by 21 - (9 - (7 + 12))/(1*2)?
20
Suppose 2*u - 6*l - 154 = -5*l, 3*u + 3*l = 204. Suppose -63 = -2*f + 169. Let j = f - u. Calculate the remainder when 124 is divided by j.
40
Suppose -3*c + 1 = -5. Let r = -311 + 325. Suppose -r*l = 19*l - 99. Calculate the remainder when l is divided by c.
1
Let w = 6 - 0. What is the remainder when (-189)/6*(-1547)/1071 + 10/(-4) is divided by w?
1
Let b(d) = 2*d**2 + 211*d + 324. Calculate the remainder when b(-118) is divided by 13.
11
Suppose -47*y + h = -48*y + 381, 6*y - 2242 = 5*h. Calculate the remainder when 397 is divided by y.
20
Let k(j) = -3*j**3. Let v be k(-1). Suppose v*b + b - 56 = 0. Let o = b - -30. What is the remainder when o is divided by 15?
14
Suppose 44*n - 126 = 37*n. Suppose 4*r = 5*i - 50, -i = 7*r - n + 47. Calculate the remainder when 69 is divided by i.
3
Suppose -18*f = -29*f + 1683. Suppose 20*z - 287 = f. Calculate the remainder when 988 is divided by z.
20
Let u be 2*126/12*-17. Let a = -334 - u. Calculate the remainder when 86 is divided by a.
17
Let h(g) = 124*g**3 + 877*g**2 + 41*g - 5. What is the remainder when 207 is divided by h(-7)?
58
Let x(u) = u**3 + 26*u**2 + 102*u - 342. Calculate the remainder when 1961 is divided by x(-19).
232
Let m = 88 - 103. Let c(v) = -v**2 - 13*v + 32. Let z be c(m). Let p = 88 + z. What is the remainder when p is divided by 31?
28
Suppose -2*p = -0*p - 3*n - 35, 5*n = -15. Let l(i) = 47 - 17 + 8*i + p*i**2 + 5*i + i**3. Calculate the remainder when l(-12) is divided by 7.
4
Let q(g) = 7*g**2 - 8*g + 30. What is the remainder when q(-4) is divided by 10?
4
Let r(v) = -v**3 + 4*v**2 + 9*v - 4. Suppose z - 1 = 4. Let i be r(z). Suppose -m + i = -50. Calculate the remainder when m is divided by 17.
15
Suppose -2*s - 35 = 5*s. Let a(h) = -2*h - 6. Let k(v) = -3*v - 11. Let l(d) = s*a(d) + 3*k(d). What is the remainder when 58 is divided by l(9)?
4
Calculate the remainder when 176 is divided by 2*(454/20 + (-5 - (-261)/45)).
35
Let z = 34 + -16. Let b(g) = g**3 + 2*g**2 + 30*g - 123. Let w be b(9). Suppose -w - 204 = -18*i. What is the remainder when i is divided by z?
15
Let c(t) = t**2 - 2*t - 11. Let v(r) = r**2 + 13*r + 27. Let j be v(-11). Let f be c(j). Calculate the remainder when (-4 + 67)/(f/(-8) + 2) is divided by 11.
9
Let q = -34 + 52. Suppose -80 = -72*m + 56*m. What is the remainder when q is divided by m?
3
Let m = -266 - -623. Let b = m + -310. What is the remainder when b is divided by 21?
5
Let k(n) = 152*n**2 + 267*n + 267. Suppose -5 = -m + 8. Calculate the remainder when k(-1) is divided by m.
9
Suppose -p + 2*l = 7, 5*p - 2*l + 7 = -6*l. What is the remainder when 2/(-6) + (-35)/(-15) is divided by ((-138)/(-46))/(p/(-1))?
0
Let r(z) = 22*z + 4. Let b be (-1)/(-1) + -82 + -37 + 39. Let p = -77 - b. What is the remainder when 190 is divided by r(p)?
46
Suppose -7*r = -2*m + 81, 66 = 5*m + 27*r - 25*r. Let f = 57 - -34. Calculate the remainder when f is divided by m.
11
Suppose -g + 121*r - 123*r = -502, 3*g - 1426 = 4*r. What is the remainder when g is divided by 43?
13
Suppose -8*j + 50 = -4*j + 2*u, 0 = -5*j - u + 58. Suppose -j*q + 3 = -8. Suppose -3*n + 6*n - 9 = 0. What is the remainder when n is divided by q?
0
Let a(s) = -s**2 + 6*s - 4. Let r be a(3). Suppose r*z - 465 = 4*x, 6*x - 9*x = -4*z + 372. Calculate the remainder when z is divided by 32.
29
Suppose -1652*v - 664 = -1644*v. Let p = -233 - -468. Let z = p + v. What is the remainder when z is divided by 52?
48
Suppose -4*g + 0*g = -500. Let b = -1833 + 1749. Let i = b + g. Calculate the remainder when 204 is divided by i.
40
Let j be -3*(-8 - (-2 + 4)). Suppose -9*r = -14*r - j. What is the remainder when 30 is divided by (-54)/r - (0 - -1)?
6
Suppose 0 = -50*q + 86*q - 124307 - 56773. What is the remainder when q is divided by 9?
8
Let u = -100 + 158. Suppose -z - 3*g - u = -2*z, -5*g + 230 = 5*z. Suppose 4*x - 17 = 51. What is the remainder when z is divided by x?
15
What is the remainder when 2/8 + ((-3)/24 - 15580/(-32)) is divided by 164?
159
Let j(f) = -2*f**3 - 31*f**2 + 12*f + 19. Let a be j(-16). Suppose -a*v = -79*v - 152. Calculate the remainder when 109 is divided by v.
33
Suppose -175*r - 191*r + 59*r + 136922 = 0. What is the remainder when r is divided by 147?
5
Suppose -788*r + 796*r - 1384 = 0. Suppose -3*f = -g + 456, g - 5*f = r + 279. Calculate the remainder when g is divided by 15.
12
Let g(o) = -7*o**2 - 189*o - 188. What is the remainder when 620 is divided by g(-25)?
134
Let j = 912 - 737. Suppose j = -31*u + 516. What is the remainder when 65 is divided by u?
10
Suppose -46*d = -41*d - 35, -p + d = -2785. Calculate the remainder when p is divided by 147.
146
Let w = 318 + -285. Suppose -114 = -f + l, -3*f - l = 209 - 571. Calculate the remainder when f is divided by w.
20
Let j = 125 + -100. Suppose 8*o = -107 + 483. Calculate the remainder when o is divided by j.
22
Let p = 3539 - 2966. Calculate the remainder when p is divided by 64.
61
Let z(n) = -7*n - 123. Suppose 0 = -5*r - 10, -4*r + 88 = -4*d - 6*r. What is the remainder when 47 is divided by z(d)?
23
Suppose -6*g + 5*d = -5*g - 145, -5*d + 695 = 5*g. What is the remainder when g is divided by 59?
22
Calculate the remainder when -13*(-1104)/1560*(-10)/(-4) is divided by ((-45)/(-6))/((-2)/(-4)).
8
Let g be (-76)/(-28) - 6/(-21). Suppose -g*f = -9 - 12. Calculate the remainder when 55 is divided by f.
6
Let d = -4700 - -5286. Calculate the remainder when d is divided by 10.
6
Suppose -7*x + 1 = -48. Suppose 3 = -4*b + x. Calculate the remainder when 109 is divided by (b - (-22 + -3)) + 2.
25
Let z(i) = 4*i**2 - 16*i - 31. Let y(c) = 12*c + 148. Calculate the remainder when y(14) is divided by z(7).
51
Suppose -4905 = -252*x + 143*x. Calculate the remainder when 2924 is divided by x.
44
Suppose -6*y + 166 = 5*p - 5*y, 18 = p + 4*y. Suppose 0 = -5*z + s - 3*s + p, 3*z = -2*s + 18. Calculate the remainder when z is divided by 1.
0
Let d = -17 - -25. Suppose -600*k = -538*k - 372. Calculate the remainder when d is divided by k.
2
Let p = -13546 + 13552. Calculate the remainder when 2117 is divided by p.
5
Suppose 0 = -20*v + 19*v + 24. What is the remainder when 31 is divided by (22 - v/4) + 1?
14
Let x = 9508 - 9464. Calculate the remainder when 2373 is divided by x.
41
Suppose 2*i = -26*i - 3693 + 5093. Calculate the remainder when 2203 is divided by i.
3
Let v(p) = -3*p**3 + 6*p**2 + 17*p + 5. Let i be -7*(-3)/3*20/(-70). What is the remainder when 1*(0/1 - -55) is divided by v(i)?
17
Suppose -2703 - 4744 = -677*n. What is the remainder when 2895 is divided by n?
2
Suppose 4308 = 89*g - 409. What is the remainder when 184 is divided by g?
25
Suppose 11*o - 3*r - 6 = 15*o, -3*o - 4*r = 8. What is the remainder when (2 + -1 + o)*(-2244)/(-17) is divided by 23?
17
Suppose -4*t = 5*x - 27, 6*t - 7*t + 18 = -x. Calculate the remainder when 386 is divided by t.
9
Suppose 16*j - 19*j 